{"id":29,"date":"2021-05-18T22:37:35","date_gmt":"2021-05-18T20:37:35","guid":{"rendered":"https:\/\/konference.dauc.cz\/taxforum\/?page_id=29"},"modified":"2022-11-25T14:16:52","modified_gmt":"2022-11-25T13:16:52","slug":"program","status":"publish","type":"page","link":"https:\/\/konference.dauc.cz\/taxforum\/program\/","title":{"rendered":"Program"},"content":{"rendered":"<p>[et_pb_section fb_built=&#8220;1&#8243; custom_padding_last_edited=&#8220;off|desktop&#8220; admin_label=&#8220;hero section&#8220; _builder_version=&#8220;4.9.2&#8243; use_background_color_gradient=&#8220;on&#8220; background_color_gradient_start=&#8220;#ffffff&#8220; background_color_gradient_end=&#8220;#e7edf9&#8243; custom_margin=&#8220;|||&#8220; custom_padding=&#8220;||||false|false&#8220; custom_padding_tablet=&#8220;130px||130px|&#8220; global_colors_info=&#8220;{}&#8220;][et_pb_row column_structure=&#8220;1_2,1_2&#8243; admin_label=&#8220;title and illustration&#8220; _builder_version=&#8220;3.25&#8243; background_size=&#8220;initial&#8220; background_position=&#8220;top_left&#8220; background_repeat=&#8220;repeat&#8220; custom_margin=&#8220;|||&#8220; global_colors_info=&#8220;{}&#8220;][et_pb_column type=&#8220;1_2&#8243; _builder_version=&#8220;3.25&#8243; custom_padding=&#8220;|||&#8220; global_colors_info=&#8220;{}&#8220; custom_padding__hover=&#8220;|||&#8220;][et_pb_text _builder_version=&#8220;3.27.4&#8243; text_font=&#8220;||||||||&#8220; header_font=&#8220;Merriweather|700|||||||&#8220; header_text_color=&#8220;#&#8220; header_font_size=&#8220;46px&#8220; header_line_height=&#8220;1.3em&#8220; custom_margin=&#8220;||0px|&#8220; animation_style=&#8220;flip&#8220; animation_direction=&#8220;top&#8220; global_colors_info=&#8220;{}&#8220;]<\/p>\n<h1>Program<\/h1>\n<p>[\/et_pb_text][et_pb_divider color=&#8220;#0079C2&#8243; divider_position=&#8220;center&#8220; divider_weight=&#8220;2px&#8220; _builder_version=&#8220;4.9.2&#8243; max_width=&#8220;90px&#8220; max_width_tablet=&#8220;12%&#8220; max_width_last_edited=&#8220;off|desktop&#8220; custom_margin=&#8220;|||&#8220; animation_style=&#8220;flip&#8220; animation_delay=&#8220;50ms&#8220; global_colors_info=&#8220;{}&#8220;][\/et_pb_divider][\/et_pb_column][et_pb_column type=&#8220;1_2&#8243; _builder_version=&#8220;3.25&#8243; custom_padding=&#8220;|||&#8220; global_colors_info=&#8220;{}&#8220; custom_padding__hover=&#8220;|||&#8220;][\/et_pb_column][\/et_pb_row][\/et_pb_section][et_pb_section fb_built=&#8220;1&#8243; admin_label=&#8220;schedules section&#8220; _builder_version=&#8220;4.9.2&#8243; custom_padding=&#8220;||||false|false&#8220; animation_style=&#8220;zoom&#8220; animation_intensity_zoom=&#8220;10%&#8220; global_colors_info=&#8220;{}&#8220;][et_pb_row _builder_version=&#8220;4.9.2&#8243; custom_padding=&#8220;10px|0px|10px|0px&#8220; border_color_all=&#8220;#4646c4&#8243; border_width_bottom=&#8220;3px&#8220; border_color_bottom=&#8220;#032E63&#8243; global_colors_info=&#8220;{}&#8220;][et_pb_column type=&#8220;4_4&#8243; _builder_version=&#8220;3.25&#8243; custom_padding=&#8220;|||&#8220; global_colors_info=&#8220;{}&#8220; custom_padding__hover=&#8220;|||&#8220;][et_pb_text _builder_version=&#8220;4.13.0&#8243; _module_preset=&#8220;default&#8220; text_font=&#8220;|700|||||||&#8220; text_text_color=&#8220;#000000&#8243; text_font_size=&#8220;18px&#8220; global_colors_info=&#8220;{}&#8220;]<\/p>\n<p>\u00dater\u00fd 29. listopadu 2022<\/p>\n<p>Na p\u0159\u00edprav\u011b programu intenzivn\u011b pracujeme.<\/p>\n<p>[\/et_pb_text][\/et_pb_column][\/et_pb_row][et_pb_row admin_label=&#8220;Timing and speaker&#8220; _builder_version=&#8220;4.9.2&#8243; custom_padding=&#8220;20px|0px|20px|0px|false|false&#8220; border_color_all=&#8220;#e1e3e5&#8243; border_width_top=&#8220;1px&#8220; global_colors_info=&#8220;{}&#8220;][et_pb_column type=&#8220;4_4&#8243; _builder_version=&#8220;3.25&#8243; custom_padding=&#8220;|||&#8220; global_colors_info=&#8220;{}&#8220; custom_padding__hover=&#8220;|||&#8220;][et_pb_text _builder_version=&#8220;4.9.3&#8243; text_font=&#8220;||||||||&#8220; header_font=&#8220;||||||||&#8220; header_2_font_size=&#8220;25px&#8220; header_2_line_height=&#8220;1.4em&#8220; custom_margin=&#8220;||0px||false|false&#8220; custom_padding=&#8220;||0px||false|false&#8220; global_colors_info=&#8220;{}&#8220;]<\/p>\n<h2>DA\u0147OV\u00c9 A \u00da\u010cETN\u00cd NOVINKY nadch\u00e1zej\u00edc\u00edho roku online<\/h2>\n<p>[\/et_pb_text][et_pb_text module_class=&#8220;program-text&#8220; _builder_version=&#8220;4.9.2&#8243; _module_preset=&#8220;default&#8220; global_colors_info=&#8220;{}&#8220;]<\/p>\n<p>moderuje: Ing. Jan Kotala &#8211; da\u0148ov\u00fd poradce<\/p>\n<p>[\/et_pb_text][\/et_pb_column][\/et_pb_row][et_pb_row column_structure=&#8220;1_4,3_4&#8243; admin_label=&#8220;Timing and speaker&#8220; _builder_version=&#8220;4.9.2&#8243; custom_padding=&#8220;20px|0px|20px|0px|false|false&#8220; border_color_all=&#8220;#e1e3e5&#8243; border_width_top=&#8220;1px&#8220; global_colors_info=&#8220;{}&#8220;][et_pb_column type=&#8220;1_4&#8243; _builder_version=&#8220;3.25&#8243; custom_padding=&#8220;|||&#8220; global_colors_info=&#8220;{}&#8220; custom_padding__hover=&#8220;|||&#8220;][et_pb_blurb title=&#8220;9:00 \u2013 9:15&#8243; use_icon=&#8220;on&#8220; font_icon=&#8220;&#x7d;||divi||400&#8243; icon_color=&#8220;#a9aab7&#8243; icon_placement=&#8220;left&#8220; image_icon_width=&#8220;24px&#8220; _builder_version=&#8220;4.13.0&#8243; header_font=&#8220;|||on|||||&#8220; header_font_size=&#8220;14px&#8220; header_letter_spacing=&#8220;1px&#8220; header_line_height=&#8220;24px&#8220; body_font=&#8220;||||||||&#8220; custom_margin=&#8220;|||&#8220; icon_font_size=&#8220;24px&#8220; global_colors_info=&#8220;{}&#8220;][\/et_pb_blurb][\/et_pb_column][et_pb_column type=&#8220;3_4&#8243; _builder_version=&#8220;3.25&#8243; custom_padding=&#8220;|||&#8220; global_colors_info=&#8220;{}&#8220; custom_padding__hover=&#8220;|||&#8220;][et_pb_text _builder_version=&#8220;4.9.2&#8243; text_font=&#8220;||||||||&#8220; text_line_height=&#8220;1.8em&#8220; link_font=&#8220;||||||||&#8220; link_text_color=&#8220;#4646c4&#8243; header_font=&#8220;||||||||&#8220; header_3_font=&#8220;Merriweather|700|||||||&#8220; header_3_text_color=&#8220;#0079C2&#8243; header_3_line_height=&#8220;1.3em&#8220; custom_margin=&#8220;||20px|&#8220; global_colors_info=&#8220;{}&#8220;]<\/p>\n<h3>Zah\u00e1jen\u00ed konference (\u00favod)<\/h3>\n<p>[\/et_pb_text][\/et_pb_column][\/et_pb_row][et_pb_row column_structure=&#8220;1_4,3_4&#8243; admin_label=&#8220;Timing and speaker&#8220; _builder_version=&#8220;4.9.2&#8243; custom_padding=&#8220;20px|0px|20px|0px|false|false&#8220; border_color_all=&#8220;#e1e3e5&#8243; border_width_top=&#8220;1px&#8220; global_colors_info=&#8220;{}&#8220;][et_pb_column type=&#8220;1_4&#8243; _builder_version=&#8220;3.25&#8243; custom_padding=&#8220;|||&#8220; global_colors_info=&#8220;{}&#8220; custom_padding__hover=&#8220;|||&#8220;][et_pb_blurb title=&#8220;9:15 \u2013 10:15&#8243; use_icon=&#8220;on&#8220; font_icon=&#8220;&#x7d;||divi||400&#8243; icon_color=&#8220;#a9aab7&#8243; icon_placement=&#8220;left&#8220; image_icon_width=&#8220;24px&#8220; _builder_version=&#8220;4.13.0&#8243; header_font=&#8220;|||on|||||&#8220; header_font_size=&#8220;14px&#8220; header_letter_spacing=&#8220;1px&#8220; header_line_height=&#8220;24px&#8220; body_font=&#8220;||||||||&#8220; custom_margin=&#8220;|||&#8220; icon_font_size=&#8220;24px&#8220; global_colors_info=&#8220;{}&#8220;][\/et_pb_blurb][\/et_pb_column][et_pb_column type=&#8220;3_4&#8243; _builder_version=&#8220;3.25&#8243; custom_padding=&#8220;|||&#8220; global_colors_info=&#8220;{}&#8220; custom_padding__hover=&#8220;|||&#8220;][et_pb_text _builder_version=&#8220;4.13.0&#8243; text_font=&#8220;||||||||&#8220; text_line_height=&#8220;1.8em&#8220; link_font=&#8220;||||||||&#8220; link_text_color=&#8220;#4646c4&#8243; header_font=&#8220;||||||||&#8220; header_3_font=&#8220;Merriweather|700|||||||&#8220; header_3_text_color=&#8220;#0079C2&#8243; header_3_line_height=&#8220;1.3em&#8220; custom_margin=&#8220;||20px|&#8220; global_colors_info=&#8220;{}&#8220;]<\/p>\n<h3><span>Novinky v\u00a0DPH v\u00a0roce 2023<\/span><\/h3>\n<p>[\/et_pb_text][et_pb_text module_class=&#8220;program-text&#8220; _builder_version=&#8220;4.13.0&#8243; _module_preset=&#8220;default&#8220; custom_padding=&#8220;2px|||||&#8220; global_colors_info=&#8220;{}&#8220;]<\/p>\n<p>Ing. Jan Tecl, EK Partners s. r. o.<\/p>\n<p>[\/et_pb_text][et_pb_text module_class=&#8220;program-text&#8220; _builder_version=&#8220;4.9.7&#8243; _module_preset=&#8220;default&#8220; global_colors_info=&#8220;{}&#8220;][\/et_pb_text][\/et_pb_column][\/et_pb_row][et_pb_row column_structure=&#8220;1_4,3_4&#8243; admin_label=&#8220;Timing and speaker&#8220; _builder_version=&#8220;4.9.2&#8243; custom_padding=&#8220;20px|0px|20px|0px|false|false&#8220; border_color_all=&#8220;#e1e3e5&#8243; border_width_top=&#8220;1px&#8220; global_colors_info=&#8220;{}&#8220;][et_pb_column type=&#8220;1_4&#8243; _builder_version=&#8220;3.25&#8243; custom_padding=&#8220;|||&#8220; global_colors_info=&#8220;{}&#8220; custom_padding__hover=&#8220;|||&#8220;][et_pb_blurb title=&#8220;10:15 &#8211; 11:15&#8243; use_icon=&#8220;on&#8220; font_icon=&#8220;&#x7d;||divi||400&#8243; icon_color=&#8220;#a9aab7&#8243; icon_placement=&#8220;left&#8220; image_icon_width=&#8220;24px&#8220; _builder_version=&#8220;4.13.0&#8243; header_font=&#8220;|||on|||||&#8220; header_font_size=&#8220;14px&#8220; header_letter_spacing=&#8220;1px&#8220; header_line_height=&#8220;24px&#8220; body_font=&#8220;||||||||&#8220; custom_margin=&#8220;|||&#8220; icon_font_size=&#8220;24px&#8220; global_colors_info=&#8220;{}&#8220;][\/et_pb_blurb][\/et_pb_column][et_pb_column type=&#8220;3_4&#8243; _builder_version=&#8220;3.25&#8243; custom_padding=&#8220;|||&#8220; global_colors_info=&#8220;{}&#8220; custom_padding__hover=&#8220;|||&#8220;][et_pb_text _builder_version=&#8220;4.13.0&#8243; text_font=&#8220;||||||||&#8220; text_line_height=&#8220;1.8em&#8220; link_font=&#8220;||||||||&#8220; link_text_color=&#8220;#4646c4&#8243; header_font=&#8220;||||||||&#8220; header_3_font=&#8220;Merriweather|700|||||||&#8220; header_3_text_color=&#8220;#0079C2&#8243; header_3_line_height=&#8220;1.3em&#8220; custom_margin=&#8220;||20px|&#8220; global_colors_info=&#8220;{}&#8220;]<\/p>\n<h3><strong><span>Da\u0148 z p\u0159\u00edjm\u016f pr\u00e1vnick\u00fdch osob v roce 2023<\/span><\/strong><\/h3>\n<p>[\/et_pb_text][et_pb_text module_class=&#8220;program-text&#8220; _builder_version=&#8220;4.9.7&#8243; _module_preset=&#8220;default&#8220; global_colors_info=&#8220;{}&#8220;]<\/p>\n<p>Ing. Luk\u00e1\u0161 Eisenwort, EK Partners s. r. o.<\/p>\n<p>[\/et_pb_text][\/et_pb_column][\/et_pb_row][et_pb_row column_structure=&#8220;1_4,3_4&#8243; admin_label=&#8220;Timing and speaker&#8220; _builder_version=&#8220;4.9.2&#8243; custom_padding=&#8220;20px|0px|20px|0px|false|false&#8220; border_color_all=&#8220;#e1e3e5&#8243; border_width_top=&#8220;1px&#8220; global_colors_info=&#8220;{}&#8220;][et_pb_column type=&#8220;1_4&#8243; _builder_version=&#8220;3.25&#8243; custom_padding=&#8220;|||&#8220; global_colors_info=&#8220;{}&#8220; custom_padding__hover=&#8220;|||&#8220;][et_pb_blurb title=&#8220;11:15 \u2013 12:15&#8243; use_icon=&#8220;on&#8220; font_icon=&#8220;&#x7d;||divi||400&#8243; icon_color=&#8220;#a9aab7&#8243; icon_placement=&#8220;left&#8220; image_icon_width=&#8220;24px&#8220; _builder_version=&#8220;4.13.0&#8243; header_font=&#8220;|||on|||||&#8220; header_font_size=&#8220;14px&#8220; header_letter_spacing=&#8220;1px&#8220; header_line_height=&#8220;24px&#8220; body_font=&#8220;||||||||&#8220; custom_margin=&#8220;|||&#8220; icon_font_size=&#8220;24px&#8220; global_colors_info=&#8220;{}&#8220;][\/et_pb_blurb][\/et_pb_column][et_pb_column type=&#8220;3_4&#8243; _builder_version=&#8220;3.25&#8243; custom_padding=&#8220;|||&#8220; global_colors_info=&#8220;{}&#8220; custom_padding__hover=&#8220;|||&#8220;][et_pb_text _builder_version=&#8220;4.13.0&#8243; text_font=&#8220;||||||||&#8220; text_line_height=&#8220;1.8em&#8220; link_font=&#8220;||||||||&#8220; link_text_color=&#8220;#4646c4&#8243; header_font=&#8220;||||||||&#8220; header_3_font=&#8220;Merriweather|700|||||||&#8220; header_3_text_color=&#8220;#0079C2&#8243; header_3_line_height=&#8220;1.3em&#8220; custom_margin=&#8220;||20px|&#8220; global_colors_info=&#8220;{}&#8220;]<\/p>\n<h3><span>Da\u0148 z\u00a0p\u0159\u00edjm\u016f fyzick\u00fdch osob v\u00a0roce 2023<\/span><\/h3>\n<p>[\/et_pb_text][et_pb_text module_class=&#8220;program-text&#8220; _builder_version=&#8220;4.13.0&#8243; _module_preset=&#8220;default&#8220; global_colors_info=&#8220;{}&#8220;]<\/p>\n<p>Ing. Michal \u0160krabi\u0161, FCCA, EK Partners s. r. o.<\/p>\n<p>[\/et_pb_text][\/et_pb_column][\/et_pb_row][et_pb_row column_structure=&#8220;1_4,3_4&#8243; admin_label=&#8220;Timing and speaker&#8220; _builder_version=&#8220;4.9.2&#8243; custom_padding=&#8220;20px|0px|20px|0px|false|false&#8220; border_color_all=&#8220;#e1e3e5&#8243; border_width_top=&#8220;1px&#8220; global_colors_info=&#8220;{}&#8220;][et_pb_column type=&#8220;1_4&#8243; _builder_version=&#8220;3.25&#8243; custom_padding=&#8220;|||&#8220; global_colors_info=&#8220;{}&#8220; custom_padding__hover=&#8220;|||&#8220;][et_pb_blurb title=&#8220;12:15 &#8211; 13:00&#8243; use_icon=&#8220;on&#8220; font_icon=&#8220;&#x7d;||divi||400&#8243; icon_color=&#8220;#a9aab7&#8243; icon_placement=&#8220;left&#8220; image_icon_width=&#8220;24px&#8220; _builder_version=&#8220;4.13.0&#8243; header_font=&#8220;|||on|||||&#8220; header_font_size=&#8220;14px&#8220; header_letter_spacing=&#8220;1px&#8220; header_line_height=&#8220;24px&#8220; body_font=&#8220;||||||||&#8220; custom_margin=&#8220;|||&#8220; icon_font_size=&#8220;24px&#8220; global_colors_info=&#8220;{}&#8220;][\/et_pb_blurb][\/et_pb_column][et_pb_column type=&#8220;3_4&#8243; _builder_version=&#8220;3.25&#8243; custom_padding=&#8220;|||&#8220; global_colors_info=&#8220;{}&#8220; custom_padding__hover=&#8220;|||&#8220;][et_pb_text _builder_version=&#8220;4.13.0&#8243; text_font=&#8220;||||||||&#8220; text_line_height=&#8220;1.8em&#8220; link_font=&#8220;||||||||&#8220; link_text_color=&#8220;#4646c4&#8243; header_font=&#8220;||||||||&#8220; header_3_font=&#8220;Merriweather|700|||||||&#8220; header_3_text_color=&#8220;#0079C2&#8243; header_3_line_height=&#8220;1.3em&#8220; custom_margin=&#8220;||20px|&#8220; global_colors_info=&#8220;{}&#8220;]<\/p>\n<h3><strong>P\u0159est\u00e1vka na ob\u011bd<\/strong><\/h3>\n<p>[\/et_pb_text][et_pb_text module_class=&#8220;program-text&#8220; _builder_version=&#8220;4.9.7&#8243; _module_preset=&#8220;default&#8220; global_colors_info=&#8220;{}&#8220;][\/et_pb_text][\/et_pb_column][\/et_pb_row][et_pb_row column_structure=&#8220;1_4,3_4&#8243; admin_label=&#8220;Timing and speaker&#8220; _builder_version=&#8220;4.9.2&#8243; custom_padding=&#8220;20px|0px|20px|0px|false|false&#8220; border_color_all=&#8220;#e1e3e5&#8243; border_width_top=&#8220;1px&#8220; global_colors_info=&#8220;{}&#8220;][et_pb_column type=&#8220;1_4&#8243; _builder_version=&#8220;3.25&#8243; custom_padding=&#8220;|||&#8220; global_colors_info=&#8220;{}&#8220; custom_padding__hover=&#8220;|||&#8220;][et_pb_blurb title=&#8220;13:00 &#8211; 14:00&#8243; use_icon=&#8220;on&#8220; font_icon=&#8220;&#x7d;||divi||400&#8243; icon_color=&#8220;#a9aab7&#8243; icon_placement=&#8220;left&#8220; image_icon_width=&#8220;24px&#8220; _builder_version=&#8220;4.13.0&#8243; header_font=&#8220;|||on|||||&#8220; header_font_size=&#8220;14px&#8220; header_letter_spacing=&#8220;1px&#8220; header_line_height=&#8220;24px&#8220; body_font=&#8220;||||||||&#8220; custom_margin=&#8220;|||&#8220; icon_font_size=&#8220;24px&#8220; global_colors_info=&#8220;{}&#8220;][\/et_pb_blurb][\/et_pb_column][et_pb_column type=&#8220;3_4&#8243; _builder_version=&#8220;3.25&#8243; custom_padding=&#8220;|||&#8220; global_colors_info=&#8220;{}&#8220; custom_padding__hover=&#8220;|||&#8220;][et_pb_text _builder_version=&#8220;4.13.0&#8243; text_font=&#8220;||||||||&#8220; text_line_height=&#8220;1.8em&#8220; link_font=&#8220;||||||||&#8220; link_text_color=&#8220;#4646c4&#8243; header_font=&#8220;||||||||&#8220; header_3_font=&#8220;Merriweather|700|||||||&#8220; header_3_text_color=&#8220;#0079C2&#8243; header_3_line_height=&#8220;1.3em&#8220; custom_margin=&#8220;||20px|&#8220; global_colors_info=&#8220;{}&#8220;]<\/p>\n<h3><span>Da\u0148 z\u00a0neo\u010dek\u00e1van\u00fdch zisk\u016f<\/span><\/h3>\n<p>[\/et_pb_text][et_pb_text module_class=&#8220;program-text&#8220; _builder_version=&#8220;4.13.0&#8243; _module_preset=&#8220;default&#8220; global_colors_info=&#8220;{}&#8220;]<\/p>\n<p>Ing. Jan Kotala, EK Partners, s.r.o.<\/p>\n<p>[\/et_pb_text][\/et_pb_column][\/et_pb_row][et_pb_row column_structure=&#8220;1_4,3_4&#8243; admin_label=&#8220;Timing and speaker&#8220; _builder_version=&#8220;4.9.2&#8243; custom_padding=&#8220;20px|0px|20px|0px|false|false&#8220; border_color_all=&#8220;#e1e3e5&#8243; border_width_top=&#8220;1px&#8220; global_colors_info=&#8220;{}&#8220;][et_pb_column type=&#8220;1_4&#8243; _builder_version=&#8220;3.25&#8243; custom_padding=&#8220;|||&#8220; global_colors_info=&#8220;{}&#8220; custom_padding__hover=&#8220;|||&#8220;][et_pb_blurb title=&#8220;14:00 &#8211; 14:30&#8243; use_icon=&#8220;on&#8220; font_icon=&#8220;&#x7d;||divi||400&#8243; icon_color=&#8220;#a9aab7&#8243; icon_placement=&#8220;left&#8220; image_icon_width=&#8220;24px&#8220; _builder_version=&#8220;4.13.0&#8243; header_font=&#8220;|||on|||||&#8220; header_font_size=&#8220;14px&#8220; header_letter_spacing=&#8220;1px&#8220; header_line_height=&#8220;24px&#8220; body_font=&#8220;||||||||&#8220; custom_margin=&#8220;|||&#8220; icon_font_size=&#8220;24px&#8220; global_colors_info=&#8220;{}&#8220;][\/et_pb_blurb][\/et_pb_column][et_pb_column type=&#8220;3_4&#8243; _builder_version=&#8220;3.25&#8243; custom_padding=&#8220;|||&#8220; global_colors_info=&#8220;{}&#8220; custom_padding__hover=&#8220;|||&#8220;][et_pb_text _builder_version=&#8220;4.13.0&#8243; text_font=&#8220;||||||||&#8220; text_line_height=&#8220;1.8em&#8220; link_font=&#8220;||||||||&#8220; link_text_color=&#8220;#4646c4&#8243; header_font=&#8220;||||||||&#8220; header_3_font=&#8220;Merriweather|700|||||||&#8220; header_3_text_color=&#8220;#0079C2&#8243; header_3_line_height=&#8220;1.3em&#8220; custom_margin=&#8220;||20px|&#8220; global_colors_info=&#8220;{}&#8220;]<\/p>\n<h3><strong><span>Zm\u011bny ve spr\u00e1v\u011b dan\u00ed v roce 2023<\/span><\/strong><\/h3>\n<p>[\/et_pb_text][et_pb_text module_class=&#8220;program-text&#8220; _builder_version=&#8220;4.13.0&#8243; _module_preset=&#8220;default&#8220; hover_enabled=&#8220;0&#8243; global_colors_info=&#8220;{}&#8220; sticky_enabled=&#8220;0&#8243;]<\/p>\n<p>Ing. \u0160t\u011bp\u00e1n Eichinger, EK Partners s. r. o.<\/p>\n<p>&nbsp;<\/p>\n<p>[\/et_pb_text][\/et_pb_column][\/et_pb_row][et_pb_row column_structure=&#8220;1_4,3_4&#8243; admin_label=&#8220;Timing and speaker&#8220; _builder_version=&#8220;4.9.2&#8243; custom_padding=&#8220;20px|0px|20px|0px|false|false&#8220; border_color_all=&#8220;#e1e3e5&#8243; border_width_top=&#8220;1px&#8220; global_colors_info=&#8220;{}&#8220;][et_pb_column type=&#8220;1_4&#8243; _builder_version=&#8220;3.25&#8243; custom_padding=&#8220;|||&#8220; global_colors_info=&#8220;{}&#8220; custom_padding__hover=&#8220;|||&#8220;][et_pb_blurb title=&#8220;14:30 &#8211; 15:00&#8243; use_icon=&#8220;on&#8220; font_icon=&#8220;&#x7d;||divi||400&#8243; icon_color=&#8220;#a9aab7&#8243; icon_placement=&#8220;left&#8220; image_icon_width=&#8220;24px&#8220; _builder_version=&#8220;4.13.0&#8243; header_font=&#8220;|||on|||||&#8220; header_font_size=&#8220;14px&#8220; header_letter_spacing=&#8220;1px&#8220; header_line_height=&#8220;24px&#8220; body_font=&#8220;||||||||&#8220; custom_margin=&#8220;|||&#8220; icon_font_size=&#8220;24px&#8220; global_colors_info=&#8220;{}&#8220;][\/et_pb_blurb][\/et_pb_column][et_pb_column type=&#8220;3_4&#8243; _builder_version=&#8220;3.25&#8243; custom_padding=&#8220;|||&#8220; global_colors_info=&#8220;{}&#8220; custom_padding__hover=&#8220;|||&#8220;][et_pb_text _builder_version=&#8220;4.13.0&#8243; text_font=&#8220;||||||||&#8220; text_line_height=&#8220;1.8em&#8220; link_font=&#8220;||||||||&#8220; link_text_color=&#8220;#4646c4&#8243; header_font=&#8220;||||||||&#8220; header_3_font=&#8220;Merriweather|700|||||||&#8220; header_3_text_color=&#8220;#0079C2&#8243; header_3_line_height=&#8220;1.3em&#8220; custom_margin=&#8220;||20px|&#8220; global_colors_info=&#8220;{}&#8220;]<\/p>\n<h3><span>Automatizace finan\u010dn\u00edch odd\u011blen\u00ed \u2013 p\u0159\u00edpadov\u00e1 studie<\/span><\/h3>\n<p>[\/et_pb_text][et_pb_text module_class=&#8220;program-text&#8220; _builder_version=&#8220;4.13.0&#8243; _module_preset=&#8220;default&#8220; global_colors_info=&#8220;{}&#8220;]<\/p>\n<p>Luk\u00e1\u0161 Zeman, Kindle Analytics<\/p>\n<p>[\/et_pb_text][\/et_pb_column][\/et_pb_row][et_pb_row column_structure=&#8220;1_4,3_4&#8243; admin_label=&#8220;Timing and speaker&#8220; _builder_version=&#8220;4.9.2&#8243; custom_padding=&#8220;20px|0px|20px|0px|false|false&#8220; border_color_all=&#8220;#e1e3e5&#8243; border_width_top=&#8220;1px&#8220; global_colors_info=&#8220;{}&#8220;][et_pb_column type=&#8220;1_4&#8243; _builder_version=&#8220;3.25&#8243; custom_padding=&#8220;|||&#8220; global_colors_info=&#8220;{}&#8220; custom_padding__hover=&#8220;|||&#8220;][et_pb_blurb title=&#8220;15:00 &#8211; 15:15&#8243; use_icon=&#8220;on&#8220; font_icon=&#8220;&#x7d;||divi||400&#8243; icon_color=&#8220;#a9aab7&#8243; icon_placement=&#8220;left&#8220; image_icon_width=&#8220;24px&#8220; _builder_version=&#8220;4.13.0&#8243; header_font=&#8220;|||on|||||&#8220; header_font_size=&#8220;14px&#8220; header_letter_spacing=&#8220;1px&#8220; header_line_height=&#8220;24px&#8220; body_font=&#8220;||||||||&#8220; custom_margin=&#8220;|||&#8220; icon_font_size=&#8220;24px&#8220; global_colors_info=&#8220;{}&#8220;][\/et_pb_blurb][\/et_pb_column][et_pb_column type=&#8220;3_4&#8243; _builder_version=&#8220;3.25&#8243; custom_padding=&#8220;|||&#8220; global_colors_info=&#8220;{}&#8220; custom_padding__hover=&#8220;|||&#8220;][et_pb_text _builder_version=&#8220;4.9.2&#8243; text_font=&#8220;||||||||&#8220; text_line_height=&#8220;1.8em&#8220; link_font=&#8220;||||||||&#8220; link_text_color=&#8220;#4646c4&#8243; header_font=&#8220;||||||||&#8220; header_text_color=&#8220;#0079C2&#8243; header_3_font=&#8220;Merriweather|700|||||||&#8220; header_3_text_color=&#8220;#0079C2&#8243; header_3_line_height=&#8220;1.3em&#8220; custom_margin=&#8220;||20px|&#8220; global_colors_info=&#8220;{}&#8220;]<\/p>\n<h3><span>Z\u00e1v\u011br a virtu\u00e1ln\u00ed p\u0159\u00edpitek<\/span><\/h3>\n<p>[\/et_pb_text][\/et_pb_column][\/et_pb_row][\/et_pb_section]<\/p>\n","protected":false},"excerpt":{"rendered":"<p>Program\u00dater\u00fd 29. listopadu 2022 Na p\u0159\u00edprav\u011b programu intenzivn\u011b pracujeme.DA\u0147OV\u00c9 A \u00da\u010cETN\u00cd NOVINKY nadch\u00e1zej\u00edc\u00edho roku onlinemoderuje: Ing. Jan Kotala &#8211; da\u0148ov\u00fd poradceZah\u00e1jen\u00ed konference (\u00favod)Novinky v\u00a0DPH v\u00a0roce 2023Ing. Jan Tecl, EK Partners s. r. o.Da\u0148 z p\u0159\u00edjm\u016f pr\u00e1vnick\u00fdch osob v roce 2023Ing. Luk\u00e1\u0161 Eisenwort, EK Partners s. r. o.Da\u0148 z\u00a0p\u0159\u00edjm\u016f fyzick\u00fdch osob v\u00a0roce 2023Ing. Michal \u0160krabi\u0161, FCCA, [&hellip;]<\/p>\n","protected":false},"author":1,"featured_media":0,"parent":0,"menu_order":0,"comment_status":"closed","ping_status":"closed","template":"","meta":{"_et_pb_use_builder":"on","_et_pb_old_content":"","_et_gb_content_width":"","footnotes":""},"class_list":["post-29","page","type-page","status-publish","hentry"],"_links":{"self":[{"href":"https:\/\/konference.dauc.cz\/taxforum\/wp-json\/wp\/v2\/pages\/29","targetHints":{"allow":["GET"]}}],"collection":[{"href":"https:\/\/konference.dauc.cz\/taxforum\/wp-json\/wp\/v2\/pages"}],"about":[{"href":"https:\/\/konference.dauc.cz\/taxforum\/wp-json\/wp\/v2\/types\/page"}],"author":[{"embeddable":true,"href":"https:\/\/konference.dauc.cz\/taxforum\/wp-json\/wp\/v2\/users\/1"}],"replies":[{"embeddable":true,"href":"https:\/\/konference.dauc.cz\/taxforum\/wp-json\/wp\/v2\/comments?post=29"}],"version-history":[{"count":14,"href":"https:\/\/konference.dauc.cz\/taxforum\/wp-json\/wp\/v2\/pages\/29\/revisions"}],"predecessor-version":[{"id":243,"href":"https:\/\/konference.dauc.cz\/taxforum\/wp-json\/wp\/v2\/pages\/29\/revisions\/243"}],"wp:attachment":[{"href":"https:\/\/konference.dauc.cz\/taxforum\/wp-json\/wp\/v2\/media?parent=29"}],"curies":[{"name":"wp","href":"https:\/\/api.w.org\/{rel}","templated":true}]}}